at are the prime factors of r?
2, 67
Let s(o) = -8*o**3 + 6*o - 1. Let g(i) = -i**2 + 12*i - 23. Let b be g(10). List the prime factors of s(b).
197
Let c = 49 - 33. Suppose -c - 8 = 2*b. List the prime factors of (-50)/(-4)*b/(-10).
3, 5
Let k be ((-224)/70)/(-2 - 8/(-5)). Suppose -12*c + k*c = -788. What are the prime factors of c?
197
Suppose 5*d - 2770 = -w, 5*w - 2844 = -5*d - 74. Suppose -5*c = -4*h - 1355, 4*h + d = -c + 3*c. List the prime factors of c.
3, 89
Suppose 2*g - 251 = o, 2*o + 133 = -2*g + 3*g. Suppose 0 = 3*v + g - 339. List the prime factors of v.
2, 3
Let u(m) = m**3 + 7*m**2 - 10*m - 6. Let g be (26/(-5))/((-2)/5). Suppose -17*h = -g*h + 32. What are the prime factors of u(h)?
2, 5
Let y(c) = 340*c**3 - 4*c**2 - 14*c + 25. List the prime factors of y(2).
37, 73
Let o(l) = 41*l**2 + 13*l - 7. What are the prime factors of o(-3)?
17, 19
Let g(x) = x**3 - 7*x**2 - 6*x - 11. Let n be g(8). Suppose 0 = -2*k + a + 25, -n*k + 70 - 5 = -5*a. List the prime factors of k.
2, 3
Let p(y) = -38*y**3 - 2*y. Let s = 29 - 30. What are the prime factors of p(s)?
2, 5
Suppose 201*m - 205*m + 2180 = 0. List the prime factors of m.
5, 109
Suppose -5*f = -1000 + 360. Suppose 29*h - 27*h = f. List the prime factors of h.
2
Suppose -4*t - 3*f + 33 = 0, 0*t - 5*f + 33 = 3*t. Let m(g) = -2*g**2 - 27*g - 21. Let d be m(-12). What are the prime factors of ((-40)/d)/(t/(-27))?
2, 3
Let r be (-382)/(8/(-12)*3). Suppose 4*o - u + 4*u = r, o + 3*u - 41 = 0. What are the prime factors of o?
2, 5
Let t(z) = z**2 + 1. Let l(v) = v**3 - 8*v**2 - 8*v - 9. Let b be l(9). Let g be t(b). What are the prime factors of (20 - (3 - g)) + 2?
2, 5
Suppose 0 = 2*h + 5 - 15, 2*g - 4*h = -2. Let x(s) = s**2 - 2*s - 13. What are the prime factors of x(g)?
2, 5
Let q be 2 + -4 - 117/(-3). Let a = q - 7. Let f = a - 16. What are the prime factors of f?
2, 7
Suppose 0 = -m - m + 22. Suppose -5*x + m = -2*p, 2*p - p + 10 = 4*x. What are the prime factors of x?
3
Let k(c) = c**3 - c + 2. Let b be k(0). Let v be b/6 - (-6)/(-18). List the prime factors of 4 + 20 + v + -3.
3, 7
Let f(i) = i**3 + 4*i**2 - 14*i - 7. Let p be f(-6). Suppose 2*b + p*u = b + 12, 4*b - 33 = -5*u. What are the prime factors of b?
7
Let d be 1/(18/15 - 1). Let h(q) = q**3 - 6*q**2 + 5*q + 2. Let i be h(d). Suppose -s - 3*v + v = 8, i*s + 3*v = -11. List the prime factors of s.
2
Let s(z) = 13*z + 5. Let f be s(3). List the prime factors of (-526)/(-11) - (-8)/f.
2, 3
Let l = 2 - -2. Suppose -p + 4*x + 4 = x, p = 5*x + l. Suppose p*m - 5*y - 55 = 0, -y - 2*y = -3*m + 39. List the prime factors of m.
2, 5
Let r = 53 + 497. List the prime factors of r.
2, 5, 11
Let r = 1067 + 349. What are the prime factors of r?
2, 3, 59
Let r(t) = -t**2 + t + 3. Let d be r(0). Suppose 87 = 3*s + d*b, s - 63 = -4*b - 19. What are the prime factors of s?
2, 3
Let u = 551 - 192. What are the prime factors of u?
359
Let m(s) = 1 + 3*s**2 - 66*s - 21*s**3 + 67*s + 0*s**2 - 2*s**2. What are the prime factors of m(-2)?
3, 19
Suppose 0 = 20*u - 16*u. Suppose -y - k = -22 - 4, -4*y - 2*k + 106 = u. What are the prime factors of y?
3
Let v be (-4490)/(-45) - 4/(-18). Suppose 2*f = 3*h - 532, -f + 84 = h - v. List the prime factors of h.
2, 3, 5
Let k(z) = -z**2 - 4*z + 12. Let l be k(-6). Suppose -g - 4*g + 565 = l. List the prime factors of g.
113
Let j(h) = 3*h**3 - 13*h**2 + 5*h + 6. Let i(y) = y**3 - 4*y**2 - 4*y. Let z be i(5). List the prime factors of j(z).
3
Let j(v) = -30*v - 85. What are the prime factors of j(-18)?
5, 7, 13
Suppose -3*g + 3 = -5*i - 6, -2*i - 14 = 4*g. Let z be g/(-4) - (-30)/4. Let v(s) = 9*s - 11. List the prime factors of v(z).
61
Let r = -28 - -40. Let v = -10 + r. Suppose -b + v*b = 5. What are the prime factors of b?
5
Let m(z) = 12*z - 1. Suppose 3*a - 1 = 2. Let q be m(a). Suppose -2*w + i + q = 0, -3*w - 2*w + 3*i + 25 = 0. List the prime factors of w.
2
Suppose 4*j + 305 = w - 815, -j = 4*w - 4463. What are the prime factors of w?
2, 3, 31
Suppose 2*n - 1104 = -4*u, 3*u - 4*n = 279 + 571. Suppose -t - 1 = 1, 0 = -3*h - 5*t + u. What are the prime factors of h?
2, 3
Let h(t) = 12*t**2 + t + 1. Let v be h(-1). Let s = v + -8. Suppose -2*z - s*d = -28, -3*z + 5*d = -z - 10. List the prime factors of z.
2, 5
Suppose -3*p - p - 24 = 4*k, -4*k - 18 = p. Let y(g) = -g - 5. Let t be y(k). What are the prime factors of (1/(-3))/(t/123)?
41
Let k be (1 - -5)*20/12. Let w be k - (-12)/((-12)/4). Suppose b - 9 = w. List the prime factors of b.
3, 5
Let m be 3 - (-2)/((-8)/(-444)). Suppose m = 6*o - 3*o. Let z = 74 - o. What are the prime factors of z?
2, 3
Suppose -4*c + 5612 = -4*b, -6*c + 3*c - 5*b + 4201 = 0. List the prime factors of c.
2, 701
Suppose -19*k = -0*k - 27531. What are the prime factors of k?
3, 7, 23
Suppose -8*y - 169 = -4081. What are the prime factors of y?
3, 163
Let q = 655 - 402. List the prime factors of q.
11, 23
Suppose -26202 = -16*v - 6*v. List the prime factors of v.
3, 397
Suppose 61*h - 80964 = 87335. What are the prime factors of h?
31, 89
Let p = -418 + 735. Suppose -7*k = -p - 19. What are the prime factors of k?
2, 3
List the prime factors of 1246 + -10*(-24)/40.
2, 313
Suppose 2*b - 4*g = -38 + 4422, 0 = -3*g. List the prime factors of b.
2, 137
Suppose -32 = -p + 10. Suppose 9*o - 4*o - 4*h - 2 = 0, 2 = -4*o + 5*h. Suppose -p = -o*t - t. List the prime factors of t.
2, 7
Let t = 84 + -26. Let k = t + 26. Let a = k + -59. List the prime factors of a.
5
Suppose 1808 = 5*q - 1617. Suppose -q = 8*w - 13*w. Suppose -4*t + 91 = -w. List the prime factors of t.
3, 19
Let b = 125 + 113. Suppose -3*x + 8*x = -5*y + 250, b = 5*y + 2*x. List the prime factors of y.
2, 23
Let n = -473 + 865. Suppose 0 = -3*o - 80 + n. Suppose o = 9*s - 5*s. List the prime factors of s.
2, 13
Let n(k) = 40*k + 12 + 4 + 18*k**2 - 26*k**2 + 6*k**2. What are the prime factors of n(19)?
2, 3
Let i(h) = 3*h**2 + 28*h + 18. Let u be i(-8). Let f be 10/3*(-84)/(-8). Let l = u + f. What are the prime factors of l?
3, 7
Suppose -18 = o - 6. Let n = o + 6. Let v(a) = -a**3 - 5*a**2 - 5*a + 2. What are the prime factors of v(n)?
2, 17
Let p(q) = q**2 + 2*q - 6. Let g be p(-8). Suppose 13*o - 15*o + g = 0. List the prime factors of o.
3, 7
Let m(h) = 2*h**2 - 4. Let i be (34/(-2))/(-3 - -2). Let a = i + -13. What are the prime factors of m(a)?
2, 7
Let t be 3/6 - (-5)/2 - -55. Suppose -7*q - t = -415. What are the prime factors of q?
3, 17
Let g = 11 - 11. List the prime factors of 0 - g - (-3 - 120/5).
3
Let d(g) = 4*g**2 - g + 6. Let p be d(-3). Let n = 71 + p. List the prime factors of n.
2, 29
Let z = -26 + 26. Suppose -3*x + 4*o + 259 = z, -5*x - o + 2*o + 409 = 0. List the prime factors of x.
3
Suppose -5*w - 48 = -w. Let n be (160/w)/(-2)*-3. What are the prime factors of (8/n - 0)*-110?
2, 11
Let z(v) = 3*v**2 - 14*v + 10. Let l be ((-5)/(-3))/(5/15). List the prime factors of z(l).
3, 5
Suppose 0 = 6*d - d - 30. Let c be d/(4/30*1). Suppose o + 3*o + 12 = 0, 4*w = -o + c. What are the prime factors of w?
2, 3
Let z be 4/36*-3*267. Let f = z - -125. What are the prime factors of f + -4 + 0 + 3?
5, 7
Let y(c) be the second derivative of -5*c**4/12 - c**3/2 + c**2/2 + c. Let z be y(2). Let i = z - -40. List the prime factors of i.
3, 5
Let c(l) = -12 - 43*l - 10*l + 14. List the prime factors of c(-1).
5, 11
Let c(h) = -h**3 - 5*h**2 - 4*h + 4. Let v be c(-4). Let n(t) = -31*t**2 - 25*t**2 - 22*t**2 + 9 + 83*t**2 - 8*t. List the prime factors of n(v).
3, 19
Let p = -68 + 649. What are the prime factors of p?
7, 83
Let v(r) = 5*r - 1. Let p be v(8). Let k = 60 - p. Let n = k + 2. List the prime factors of n.
23
Suppose -5*j - 2*n + 5*n + 56 = 0, -3*n - 26 = -2*j. Let h(u) = u**2 - 4*u + 17 + u**2 - u**2. List the prime factors of h(j).
7, 11
Let k(b) = -3*b**2 + 1. Let h be k(-2). Suppose 5*r + 119 = -4*n, -2*r + 0*r + 2*n - 62 = 0. Let d = h - r. What are the prime factors of d?
2
Let p be (-9)/(-2) + (-1)/2. Suppose 246 = -p*s + 618. What are the prime factors of s?
3, 31
Suppose 0 = -3*c + 5*c - 528. List the prime factors of c.
2, 3, 11
Let z be 7/14 + 14/4. Let w = z - -1. Suppose w*u - 39 = -4*k, 2*u + 1 = -4*k + 19. List the prime factors of u.
7
Suppose 0 = 40*w - 42*w - 5*g + 1155, 3*w +